greatest common divisor of 474618291 and 707.
707
Calculate the highest common divisor of 276 and 1731325.
23
Calculate the greatest common divisor of 29728480 and 745.
745
What is the highest common divisor of 626 and 4198?
2
What is the greatest common factor of 325 and 87599551?
13
What is the highest common divisor of 2953 and 768?
1
What is the greatest common factor of 387309914 and 1094?
1094
Calculate the highest common factor of 737645454 and 3549.
3549
What is the greatest common divisor of 85 and 55539385?
5
What is the highest common divisor of 26065439 and 86?
43
Calculate the greatest common factor of 6682 and 2251379.
13
Calculate the greatest common factor of 3868 and 2733709.
967
What is the greatest common divisor of 180 and 27208260?
180
Calculate the greatest common factor of 3026639 and 2576.
161
Calculate the highest common factor of 1436 and 44962596.
1436
Calculate the highest common divisor of 10790456 and 344.
8
What is the greatest common divisor of 1039714870 and 388?
194
Calculate the highest common divisor of 88926578 and 182.
26
What is the greatest common factor of 8592 and 26528?
16
What is the greatest common factor of 670 and 81910?
10
Calculate the greatest common divisor of 25194 and 95121.
39
Calculate the highest common factor of 10323692 and 3140.
628
Calculate the greatest common factor of 455097 and 2001.
87
Calculate the greatest common factor of 342 and 240345516.
114
Calculate the greatest common divisor of 152106713 and 1826.
913
What is the greatest common factor of 7320256 and 10432?
64
Calculate the greatest common factor of 126 and 79463006.
14
Calculate the highest common factor of 160575 and 8100.
75
Calculate the greatest common divisor of 1600 and 4134320.
80
Calculate the greatest common factor of 50 and 2556810150.
50
Calculate the greatest common divisor of 2959803 and 1848.
231
What is the highest common divisor of 22935792 and 44528?
1936
What is the greatest common divisor of 107415 and 65751?
651
What is the highest common divisor of 1561 and 324970541?
1561
Calculate the highest common factor of 2070981 and 17983.
367
Calculate the highest common divisor of 238180 and 25940.
20
Calculate the highest common factor of 7 and 2511131.
7
Calculate the greatest common divisor of 33669 and 2296278.
261
What is the highest common factor of 4592 and 9926756?
1148
Calculate the greatest common divisor of 66804 and 37848.
228
What is the greatest common divisor of 1792 and 30063796?
28
What is the highest common divisor of 447243 and 1931119?
3467
Calculate the greatest common factor of 37302 and 42.
6
What is the highest common factor of 4207803 and 794?
397
Calculate the greatest common factor of 26254208 and 256.
128
Calculate the greatest common factor of 18492464 and 119.
17
What is the highest common factor of 16264 and 5126504?
152
What is the highest common factor of 21926 and 44099?
19
Calculate the highest common divisor of 177 and 290824629.
177
Calculate the greatest common factor of 405 and 6793605.
135
What is the highest common divisor of 12338 and 833810?
398
What is the highest common factor of 41416 and 4084808?
248
What is the highest common factor of 670474854 and 111888?
13986
What is the greatest common factor of 109164 and 121?
11
Calculate the greatest common factor of 4292 and 4015832.
148
Calculate the greatest common divisor of 76 and 118404314.
38
What is the highest common divisor of 401354 and 1168?
146
What is the greatest common divisor of 60208 and 190376?
424
What is the greatest common divisor of 989 and 434999?
23
What is the highest common divisor of 30 and 282462696?
6
What is the highest common divisor of 60945804 and 12?
12
Calculate the highest common divisor of 13747020 and 347133.
1383
What is the highest common factor of 3568 and 6578723?
223
What is the highest common factor of 481655006 and 17444?
8722
Calculate the greatest common divisor of 32760360 and 10908.
3636
Calculate the highest common factor of 20940696 and 144.
72
What is the greatest common factor of 3172281 and 13108?
29
Calculate the highest common factor of 4935 and 443178510.
705
What is the greatest common factor of 1064561 and 8?
1
What is the greatest common factor of 25192 and 75296?
8
Calculate the greatest common divisor of 141748752 and 464.
464
What is the highest common divisor of 60 and 3279405?
15
What is the greatest common divisor of 8315 and 10955844?
1663
What is the highest common divisor of 3502608 and 5040?
48
Calculate the greatest common divisor of 21767316 and 32.
4
What is the greatest common factor of 495489 and 305601?
2967
Calculate the greatest common divisor of 51 and 1517981.
17
What is the highest common divisor of 12810 and 12701640?
210
Calculate the greatest common divisor of 1186892 and 187726.
322
Calculate the greatest common divisor of 572611 and 108511.
221
Calculate the highest common factor of 6070955 and 376594.
6493
Calculate the highest common factor of 21536417 and 7.
7
What is the highest common divisor of 776501 and 2847?
73
What is the greatest common divisor of 6396 and 9628632?
156
What is the greatest common divisor of 19840 and 86048?
32
Calculate the greatest common factor of 1066 and 39798536.
82
Calculate the highest common factor of 82585 and 29216.
83
Calculate the highest common divisor of 6719367 and 14022.
123
Calculate the highest common factor of 2 and 14442183.
1
What is the greatest common factor of 110187 and 62337?
33
Calculate the highest common factor of 10643822 and 3066.
14
Calculate the highest common factor of 137 and 32233.
1
Calculate the greatest common factor of 2803818720 and 320.
160
Calculate the highest common factor of 3 and 7049127.
3
What is the greatest common factor of 446895 and 1161?
9
What is the greatest common factor of 432106 and 5644?
34
Calculate the greatest common factor of 667 and 5142106.
29
Calculate the greatest common factor of 11534950 and 290.
10
Calculate the highest common divisor of 188 and 1466494.
94
What is the highest common factor of 2731007 and 1961?
37
Calculate the highest common factor of 16329140 and 30955.
755
Calculate the greatest common factor of 32562 and 123682.
134
What is the highest common divisor of 1334802 and 189?
21
What is the greatest common factor of 51584 and 2816164?
1612
What is the greatest common factor of 2360 and 3789216?
472
Calculate the greatest common factor of 737 and 37220711.
737
Calculate the greatest common factor of 1111530 and 16.
2
Calculate the greatest common divisor of 6504957 and 3942.
657
Calculate the greatest common factor of 14472490 and 3798.
422
Calculate the highest common factor of 189708 and 103560.
12
What is the greatest common factor of 1848294512 and 48?
16
What is the greatest common factor of 1612 and 3476629?
13
Calculate the greatest common factor of 32285845 and 24795.
2755
Calculate the greatest common factor of 117 and 210837549.
39
Calculate the highest common factor of 155456073 and 58527.
8361
Calculate the highest common divisor of 24 and 43402686.
6
Calculate the highest common factor of 174395 and 452530.
65
What is the greatest common factor of 262973 and 39525?
527
Calculate the highest common factor of 89317126 and 13196.
6598
What is the greatest common divisor of 84 and 9536667?
21
Calculate the greatest common divisor of 40546 and 167618.
418
What is the highest common factor of 9401750 and 80?
10
What is the highest common factor of 2256 and 459801?
141
Calculate the highest common divisor of 5467 and 4187491.
77
What is the highest common divisor of 15 and 1121670360?
15
Calculate the greatest common factor of 262353 and 37076.
403
Calculate the greatest common factor of 2578618 and 70.
14
What is the highest common factor of 297 and 96998?
11
What is the greatest common factor of 850 and 54287868?
34
What is the greatest common divisor of 459003088 and 92?
92
What is the highest common factor of 60 and 30122052?
12
Calculate the highest common divisor of 18640 and 918304.
16
What is the greatest common factor of 8983 and 14012375?
13
What is the highest common factor of 176812841 and 57?
19
What is the greatest common divisor of 16567265 and 5720?
715
Calculate the greatest common divisor of 2